{"id":16042,"date":"2020-02-20T16:10:49","date_gmt":"2020-02-20T15:10:49","guid":{"rendered":"https:\/\/www.ville-celles-sur-belle.com\/?page_id=16042"},"modified":"2026-01-05T13:53:20","modified_gmt":"2026-01-05T12:53:20","slug":"salle-robert-dalban","status":"publish","type":"page","link":"https:\/\/www.ville-celles-sur-belle.com\/en\/ville-active\/salles-municipales\/salle-robert-dalban\/","title":{"rendered":"Salle Robert Dalban"},"content":{"rendered":"<div id=\"banniere_contenu\" class=\"wpb_row vc_row-fluid full-width-section section  section-no-parallax  stretch\" data-speed=\"1\" style=\"\"><div class=\"col span_12 color-dark left\">\n\t<div class=\"vc_col-sm-12 wpb_column column_container col no-padding color-dark\" style=\"\" data-animation=\"\" data-delay=\"\">\n\t\t<div class=\"wpb_wrapper\">\n\t\t\t<div class=\"single_image wpb_content_element align-left\" data-animation=\"none\" data-delay=\"0\"><img width=\"2304\" height=\"912\" src=\"https:\/\/www.ville-celles-sur-belle.com\/wp-content\/uploads\/2020\/01\/slide1.jpg\" class=\"attachment-full\" alt=\"\" loading=\"lazy\" srcset=\"https:\/\/www.ville-celles-sur-belle.com\/wp-content\/uploads\/2020\/01\/slide1.jpg 2304w, https:\/\/www.ville-celles-sur-belle.com\/wp-content\/uploads\/2020\/01\/slide1-300x119.jpg 300w, https:\/\/www.ville-celles-sur-belle.com\/wp-content\/uploads\/2020\/01\/slide1-1024x405.jpg 1024w, https:\/\/www.ville-celles-sur-belle.com\/wp-content\/uploads\/2020\/01\/slide1-768x304.jpg 768w, https:\/\/www.ville-celles-sur-belle.com\/wp-content\/uploads\/2020\/01\/slide1-1536x608.jpg 1536w, https:\/\/www.ville-celles-sur-belle.com\/wp-content\/uploads\/2020\/01\/slide1-2048x811.jpg 2048w\" sizes=\"(max-width: 2304px) 100vw, 2304px\" \/><\/div>\n\t\t<\/div> \n\t<\/div> \n<\/div><\/div><div  class=\"wpb_row vc_row-fluid standard-section section  section-no-parallax  stretch\" data-speed=\"1\" style=\"padding-top: 100px; \"><div class=\"col span_12 color-dark left\">\n\t<div class=\"vc_col-sm-6 wpb_column column_container col no-padding color-dark\" style=\"\" data-animation=\"\" data-delay=\"\">\n\t\t<div class=\"wpb_wrapper\">\n\t\t\t\n\t<div class=\"wpb_text_column wpb_content_element\" >\n\t\t<div class=\"wpb_wrapper\">\n\t\t\t<h2>Salle Robert Dalban<\/h2>\n\n\t\t<\/div>\n\t<\/div>\n\n\t<div class=\"wpb_text_column wpb_content_element\" >\n\t\t<div class=\"wpb_wrapper\">\n\t\t\t<p><strong>Cette salle est compos\u00e9e<br \/>\n<\/strong><\/p>\n<p>d&rsquo;un hall d&rsquo;accueil et d&rsquo;expositions de 107 m\u00b2,<\/p>\n<ul>\n<li>plusieurs types d&rsquo;\u00e9clairage,<\/li>\n<li>possibilit\u00e9 de s\u00e9parer le hall en deux parties \u00e0 l&rsquo;aide d&rsquo;une cloison vitr\u00e9e d\u00e9montable,<\/li>\n<li>quelques supports \u00ab\u00a0cimaise\u00a0\u00bb pour expositions,<\/li>\n<\/ul>\n<p>d&rsquo;une salle de 188 m\u00b2,<\/p>\n<ul>\n<li>168 places assises sur fauteuil dont 64 sont \u00e9quip\u00e9es de plans de travail,<\/li>\n<li>une estrade de 15 m\u00b2,<\/li>\n<li>possibilit\u00e9 de faire l&rsquo;obscurit\u00e9.<\/li>\n<\/ul>\n<p><strong>Le mat\u00e9riel disponible :<\/strong><\/p>\n<ul>\n<li>Acc\u00e8s Wifi<\/li>\n<li>\u00c9quipement vid\u00e9o et audio :\n<ul>\n<li style=\"list-style-type: none;\">\n<ul>\n<li>1 vid\u00e9oprojecteur EPSON laser<\/li>\n<li>1 lecteur DVD<\/li>\n<li>1 raccordement pour P.C. type click share\/sans fil ou HDMI ou VGA \u2013 Marque BARCO<\/li>\n<li>1 grand \u00e9cran 20 m\u00b2<\/li>\n<\/ul>\n<\/li>\n<\/ul>\n<\/li>\n<li>Sonorisation sur toute la salle :\n<ul>\n<li style=\"list-style-type: none;\">\n<ul>\n<li>micros avec ou sans fil : 4 micros HF et 2 micros filaires,<\/li>\n<\/ul>\n<\/li>\n<\/ul>\n<\/li>\n<li>Divers types d&rsquo;\u00e9clairage,<\/li>\n<li>Autre mat\u00e9riel :\n<ul>\n<li style=\"list-style-type: none;\">\n<ul>\n<li>1 pupitre,<\/li>\n<li>1 table basse,<\/li>\n<li>5 tables de 1,20 m,<\/li>\n<li>18 chaises,<\/li>\n<li>3 bureaux<\/li>\n<\/ul>\n<\/li>\n<\/ul>\n<\/li>\n<\/ul>\n<p><strong>Les am\u00e9nagements ext\u00e9rieurs :<\/strong><\/p>\n<ul>\n<li>un parking \u00e0 proximit\u00e9<\/li>\n<\/ul>\n\n\t\t<\/div>\n\t<\/div>\n\n\t\t<\/div> \n\t<\/div> \n\n\t<div class=\"vc_col-sm-6 wpb_column column_container col no-padding color-dark\" style=\"\" data-animation=\"\" data-delay=\"\">\n\t\t<div class=\"wpb_wrapper\">\n\t\t\t<div class=\"flexslider wpb_content_element\"><ul class=\"slides\"><li><img src=\"https:\/\/www.ville-celles-sur-belle.com\/wp-content\/uploads\/2020\/02\/Les-Halles-2-1.jpg\" alt=\"Salle Robert Dalban ext\u00e9rieur Halles\" \/><\/li><li><img src=\"https:\/\/www.ville-celles-sur-belle.com\/wp-content\/uploads\/2020\/03\/Capture-3.png\" alt=\"salle cin\u00e9ma\" \/><\/li><\/ul><\/div><div class=\"box clearfix style-6 wpb_content_element align-left\" style=\"padding: 40px 40px 40px 40px; \"><strong>Capacit\u00e9 d&rsquo;accueil :<\/strong> 168 personnes assises.<br \/>\nAccessibilit\u00e9 aux personnes \u00e0 mobilit\u00e9 r\u00e9duite<\/p>\n<p><strong>Adresse : <\/strong>7bis rue des Halles &#8211; 79370 Celles-sur-Belle<\/p>\n<p><strong>R\u00e9servation<\/strong> : 05 49 33 43 85<\/div><a href=\"https:\/\/www.ville-celles-sur-belle.com\/wp-content\/uploads\/2025\/10\/del_8_tarifs_dalban.pdf\" target=\"_self\" class=\"button color-1 full\" style=\"border-radius: 4px;\">Tarifs 2026<\/a>\n\t\t<\/div> \n\t<\/div> \n<\/div><\/div>","protected":false},"excerpt":{"rendered":"Salle Robert Dalban Cette salle est compos\u00e9e d'un hall d'accueil et d'expositions de 107 m\u00b2, plusieurs types d'\u00e9clairage, possibilit\u00e9 de s\u00e9parer le hall en deux parties \u00e0 l'aide d'une cloison vitr\u00e9e d\u00e9montable, quelques supports \"cimaise\" pour expositions, d'une salle de 188 m\u00b2, 168 places assises sur fauteuil dont 64 sont \u00e9quip\u00e9es de plans de travail, une estrade de 15 m\u00b2, possibilit\u00e9 de faire l'obscurit\u00e9. Le mat\u00e9riel disponible : Acc\u00e8s Wifi \u00c9quipement vid\u00e9o et audio : 1 vid\u00e9oprojecteur EPSON laser 1 lecteur DVD 1 raccordement pour P.C. type click share\/sans fil ou HDMI ou VGA \u2013 Marque BARCO 1 grand \u00e9cran 20 m\u00b2 Sonorisation sur toute la salle : micros avec ou sans fil : 4 micros HF et 2 micros filaires, Divers types d'\u00e9clairage, Autre mat\u00e9riel : 1 pupitre, 1 table basse, 5 tables de 1,20 m, 18 chaises, 3 bureaux Les am\u00e9nagements ext\u00e9rieurs : un parking \u00e0 proximit\u00e9 Capacit\u00e9 d'accueil : 168 personnes assises. Accessibilit\u00e9 aux personnes \u00e0 mobilit\u00e9 r\u00e9duite Adresse : 7bis rue des Halles - 79370 Celles-sur-Belle R\u00e9servation : 05 49 33 43 85Tarifs 2026","protected":false},"author":4,"featured_media":0,"parent":15720,"menu_order":6,"comment_status":"closed","ping_status":"closed","template":"","meta":[],"yoast_head":"<!-- This site is optimized with the Yoast SEO plugin v17.0 - https:\/\/yoast.com\/wordpress\/plugins\/seo\/ -->\n<title>Salle Robert Dalban - Mairie de Celles-sur-Belle<\/title>\n<meta name=\"robots\" content=\"index, follow, max-snippet:-1, max-image-preview:large, max-video-preview:-1\" \/>\n<link rel=\"canonical\" href=\"https:\/\/www.ville-celles-sur-belle.com\/en\/ville-active\/salles-municipales\/salle-robert-dalban\/\" \/>\n<meta property=\"og:locale\" content=\"en_GB\" \/>\n<meta property=\"og:type\" content=\"article\" \/>\n<meta property=\"og:title\" content=\"Salle Robert Dalban - Mairie de Celles-sur-Belle\" \/>\n<meta property=\"og:url\" content=\"https:\/\/www.ville-celles-sur-belle.com\/en\/ville-active\/salles-municipales\/salle-robert-dalban\/\" \/>\n<meta property=\"og:site_name\" content=\"Mairie de Celles-sur-Belle\" \/>\n<meta property=\"article:modified_time\" content=\"2026-01-05T12:53:20+00:00\" \/>\n<meta name=\"twitter:card\" content=\"summary_large_image\" \/>\n<meta name=\"twitter:label1\" content=\"Estimated reading time\" \/>\n\t<meta name=\"twitter:data1\" content=\"1 minute\" \/>\n<script type=\"application\/ld+json\" class=\"yoast-schema-graph\">{\"@context\":\"https:\/\/schema.org\",\"@graph\":[{\"@type\":\"WebSite\",\"@id\":\"https:\/\/www.ville-celles-sur-belle.com\/#website\",\"url\":\"https:\/\/www.ville-celles-sur-belle.com\/\",\"name\":\"Mairie de Celles-sur-Belle\",\"description\":\"Belle \\u00e0 investir\",\"potentialAction\":[{\"@type\":\"SearchAction\",\"target\":{\"@type\":\"EntryPoint\",\"urlTemplate\":\"https:\/\/www.ville-celles-sur-belle.com\/?s={search_term_string}\"},\"query-input\":\"required name=search_term_string\"}],\"inLanguage\":\"en-GB\"},{\"@type\":\"WebPage\",\"@id\":\"https:\/\/www.ville-celles-sur-belle.com\/ville-active\/salles-municipales\/salle-robert-dalban\/#webpage\",\"url\":\"https:\/\/www.ville-celles-sur-belle.com\/ville-active\/salles-municipales\/salle-robert-dalban\/\",\"name\":\"Salle Robert Dalban - Mairie de Celles-sur-Belle\",\"isPartOf\":{\"@id\":\"https:\/\/www.ville-celles-sur-belle.com\/#website\"},\"datePublished\":\"2020-02-20T15:10:49+00:00\",\"dateModified\":\"2026-01-05T12:53:20+00:00\",\"breadcrumb\":{\"@id\":\"https:\/\/www.ville-celles-sur-belle.com\/ville-active\/salles-municipales\/salle-robert-dalban\/#breadcrumb\"},\"inLanguage\":\"en-GB\",\"potentialAction\":[{\"@type\":\"ReadAction\",\"target\":[\"https:\/\/www.ville-celles-sur-belle.com\/ville-active\/salles-municipales\/salle-robert-dalban\/\"]}]},{\"@type\":\"BreadcrumbList\",\"@id\":\"https:\/\/www.ville-celles-sur-belle.com\/ville-active\/salles-municipales\/salle-robert-dalban\/#breadcrumb\",\"itemListElement\":[{\"@type\":\"ListItem\",\"position\":1,\"name\":\"Accueil\",\"item\":\"https:\/\/www.ville-celles-sur-belle.com\/\"},{\"@type\":\"ListItem\",\"position\":2,\"name\":\"Ville active\",\"item\":\"https:\/\/www.ville-celles-sur-belle.com\/ville-active\/\"},{\"@type\":\"ListItem\",\"position\":3,\"name\":\"Salles municipales\",\"item\":\"https:\/\/www.ville-celles-sur-belle.com\/ville-active\/salles-municipales\/\"},{\"@type\":\"ListItem\",\"position\":4,\"name\":\"Salle Robert Dalban\"}]}]}<\/script>\n<!-- \/ Yoast SEO plugin. -->","yoast_head_json":{"title":"Salle Robert Dalban - Mairie de Celles-sur-Belle","robots":{"index":"index","follow":"follow","max-snippet":"max-snippet:-1","max-image-preview":"max-image-preview:large","max-video-preview":"max-video-preview:-1"},"canonical":"https:\/\/www.ville-celles-sur-belle.com\/en\/ville-active\/salles-municipales\/salle-robert-dalban\/","og_locale":"en_GB","og_type":"article","og_title":"Salle Robert Dalban - Mairie de Celles-sur-Belle","og_url":"https:\/\/www.ville-celles-sur-belle.com\/en\/ville-active\/salles-municipales\/salle-robert-dalban\/","og_site_name":"Mairie de Celles-sur-Belle","article_modified_time":"2026-01-05T12:53:20+00:00","twitter_card":"summary_large_image","twitter_misc":{"Estimated reading time":"1 minute"},"schema":{"@context":"https:\/\/schema.org","@graph":[{"@type":"WebSite","@id":"https:\/\/www.ville-celles-sur-belle.com\/#website","url":"https:\/\/www.ville-celles-sur-belle.com\/","name":"Mairie de Celles-sur-Belle","description":"Belle \u00e0 investir","potentialAction":[{"@type":"SearchAction","target":{"@type":"EntryPoint","urlTemplate":"https:\/\/www.ville-celles-sur-belle.com\/?s={search_term_string}"},"query-input":"required name=search_term_string"}],"inLanguage":"en-GB"},{"@type":"WebPage","@id":"https:\/\/www.ville-celles-sur-belle.com\/ville-active\/salles-municipales\/salle-robert-dalban\/#webpage","url":"https:\/\/www.ville-celles-sur-belle.com\/ville-active\/salles-municipales\/salle-robert-dalban\/","name":"Salle Robert Dalban - Mairie de Celles-sur-Belle","isPartOf":{"@id":"https:\/\/www.ville-celles-sur-belle.com\/#website"},"datePublished":"2020-02-20T15:10:49+00:00","dateModified":"2026-01-05T12:53:20+00:00","breadcrumb":{"@id":"https:\/\/www.ville-celles-sur-belle.com\/ville-active\/salles-municipales\/salle-robert-dalban\/#breadcrumb"},"inLanguage":"en-GB","potentialAction":[{"@type":"ReadAction","target":["https:\/\/www.ville-celles-sur-belle.com\/ville-active\/salles-municipales\/salle-robert-dalban\/"]}]},{"@type":"BreadcrumbList","@id":"https:\/\/www.ville-celles-sur-belle.com\/ville-active\/salles-municipales\/salle-robert-dalban\/#breadcrumb","itemListElement":[{"@type":"ListItem","position":1,"name":"Accueil","item":"https:\/\/www.ville-celles-sur-belle.com\/"},{"@type":"ListItem","position":2,"name":"Ville active","item":"https:\/\/www.ville-celles-sur-belle.com\/ville-active\/"},{"@type":"ListItem","position":3,"name":"Salles municipales","item":"https:\/\/www.ville-celles-sur-belle.com\/ville-active\/salles-municipales\/"},{"@type":"ListItem","position":4,"name":"Salle Robert Dalban"}]}]}},"_links":{"self":[{"href":"https:\/\/www.ville-celles-sur-belle.com\/en\/wp-json\/wp\/v2\/pages\/16042"}],"collection":[{"href":"https:\/\/www.ville-celles-sur-belle.com\/en\/wp-json\/wp\/v2\/pages"}],"about":[{"href":"https:\/\/www.ville-celles-sur-belle.com\/en\/wp-json\/wp\/v2\/types\/page"}],"author":[{"embeddable":true,"href":"https:\/\/www.ville-celles-sur-belle.com\/en\/wp-json\/wp\/v2\/users\/4"}],"replies":[{"embeddable":true,"href":"https:\/\/www.ville-celles-sur-belle.com\/en\/wp-json\/wp\/v2\/comments?post=16042"}],"version-history":[{"count":12,"href":"https:\/\/www.ville-celles-sur-belle.com\/en\/wp-json\/wp\/v2\/pages\/16042\/revisions"}],"predecessor-version":[{"id":20608,"href":"https:\/\/www.ville-celles-sur-belle.com\/en\/wp-json\/wp\/v2\/pages\/16042\/revisions\/20608"}],"up":[{"embeddable":true,"href":"https:\/\/www.ville-celles-sur-belle.com\/en\/wp-json\/wp\/v2\/pages\/15720"}],"wp:attachment":[{"href":"https:\/\/www.ville-celles-sur-belle.com\/en\/wp-json\/wp\/v2\/media?parent=16042"}],"curies":[{"name":"wp","href":"https:\/\/api.w.org\/{rel}","templated":true}]}}

<div id="banniere_contenu" class="wpb_row vc_row-fluid full-width-section section  section-no-parallax  stretch" data-speed="1" style=""><div class="col span_12 color-dark left">
	<div class="vc_col-sm-12 wpb_column column_container col no-padding color-dark" style="" data-animation="" data-delay="">
		<div class="wpb_wrapper">
			<div class="single_image wpb_content_element align-left" data-animation="none" data-delay="0"><img width="2304" height="912" src="https://www.ville-celles-sur-belle.com/wp-content/uploads/2020/01/slide1.jpg" class="attachment-full" alt="" loading="lazy" srcset="https://www.ville-celles-sur-belle.com/wp-content/uploads/2020/01/slide1.jpg 2304w, https://www.ville-celles-sur-belle.com/wp-content/uploads/2020/01/slide1-300x119.jpg 300w, https://www.ville-celles-sur-belle.com/wp-content/uploads/2020/01/slide1-1024x405.jpg 1024w, https://www.ville-celles-sur-belle.com/wp-content/uploads/2020/01/slide1-768x304.jpg 768w, https://www.ville-celles-sur-belle.com/wp-content/uploads/2020/01/slide1-1536x608.jpg 1536w, https://www.ville-celles-sur-belle.com/wp-content/uploads/2020/01/slide1-2048x811.jpg 2048w" sizes="(max-width: 2304px) 100vw, 2304px" /></div>
		</div> 
	</div> 
</div></div><div  class="wpb_row vc_row-fluid standard-section section  section-no-parallax  stretch" data-speed="1" style="padding-top: 100px; "><div class="col span_12 color-dark left">
	<div class="vc_col-sm-6 wpb_column column_container col no-padding color-dark" style="" data-animation="" data-delay="">
		<div class="wpb_wrapper">
			
	<div class="wpb_text_column wpb_content_element" >
		<div class="wpb_wrapper">
			<h2>Salle Robert Dalban</h2>

		</div>
	</div>

	<div class="wpb_text_column wpb_content_element" >
		<div class="wpb_wrapper">
			<p><strong>Cette salle est composée<br />
</strong></p>
<p>d&rsquo;un hall d&rsquo;accueil et d&rsquo;expositions de 107 m²,</p>
<ul>
<li>plusieurs types d&rsquo;éclairage,</li>
<li>possibilité de séparer le hall en deux parties à l&rsquo;aide d&rsquo;une cloison vitrée démontable,</li>
<li>quelques supports « cimaise » pour expositions,</li>
</ul>
<p>d&rsquo;une salle de 188 m²,</p>
<ul>
<li>168 places assises sur fauteuil dont 64 sont équipées de plans de travail,</li>
<li>une estrade de 15 m²,</li>
<li>possibilité de faire l&rsquo;obscurité.</li>
</ul>
<p><strong>Le matériel disponible :</strong></p>
<ul>
<li>Accès Wifi</li>
<li>Équipement vidéo et audio :
<ul>
<li style="list-style-type: none;">
<ul>
<li>1 vidéoprojecteur EPSON laser</li>
<li>1 lecteur DVD</li>
<li>1 raccordement pour P.C. type click share/sans fil ou HDMI ou VGA – Marque BARCO</li>
<li>1 grand écran 20 m²</li>
</ul>
</li>
</ul>
</li>
<li>Sonorisation sur toute la salle :
<ul>
<li style="list-style-type: none;">
<ul>
<li>micros avec ou sans fil : 4 micros HF et 2 micros filaires,</li>
</ul>
</li>
</ul>
</li>
<li>Divers types d&rsquo;éclairage,</li>
<li>Autre matériel :
<ul>
<li style="list-style-type: none;">
<ul>
<li>1 pupitre,</li>
<li>1 table basse,</li>
<li>5 tables de 1,20 m,</li>
<li>18 chaises,</li>
<li>3 bureaux</li>
</ul>
</li>
</ul>
</li>
</ul>
<p><strong>Les aménagements extérieurs :</strong></p>
<ul>
<li>un parking à proximité</li>
</ul>

		</div>
	</div>

		</div> 
	</div> 

	<div class="vc_col-sm-6 wpb_column column_container col no-padding color-dark" style="" data-animation="" data-delay="">
		<div class="wpb_wrapper">
			<div class="flexslider wpb_content_element"><ul class="slides"><li><img src="https://www.ville-celles-sur-belle.com/wp-content/uploads/2020/02/Les-Halles-2-1.jpg" alt="Salle Robert Dalban extérieur Halles" /></li><li><img src="https://www.ville-celles-sur-belle.com/wp-content/uploads/2020/03/Capture-3.png" alt="salle cinéma" /></li></ul></div><div class="box clearfix style-6 wpb_content_element align-left" style="padding: 40px 40px 40px 40px; "><strong>Capacité d&rsquo;accueil :</strong> 168 personnes assises.<br />
Accessibilité aux personnes à mobilité réduite</p>
<p><strong>Adresse : </strong>7bis rue des Halles &#8211; 79370 Celles-sur-Belle</p>
<p><strong>Réservation</strong> : 05 49 33 43 85</div><a href="https://www.ville-celles-sur-belle.com/wp-content/uploads/2025/10/del_8_tarifs_dalban.pdf" target="_self" class="button color-1 full" style="border-radius: 4px;">Tarifs 2026</a>
		</div> 
	</div> 
</div></div>

Salle Robert Dalban Cette salle est composée d'un hall d'accueil et d'expositions de 107 m², plusieurs types d'éclairage, possibilité de séparer le hall en deux parties à l'aide d'une cloison vitrée démontable, quelques supports "cimaise" pour expositions, d'une salle de 188 m², 168 places assises sur fauteuil dont 64 sont équipées de plans de travail, une estrade de 15 m², possibilité de faire l'obscurité. Le matériel disponible : Accès Wifi Équipement vidéo et audio : 1 vidéoprojecteur EPSON laser 1 lecteur DVD 1 raccordement pour P.C. type click share/sans fil ou HDMI ou VGA – Marque BARCO 1 grand écran 20 m² Sonorisation sur toute la salle : micros avec ou sans fil : 4 micros HF et 2 micros filaires, Divers types d'éclairage, Autre matériel : 1 pupitre, 1 table basse, 5 tables de 1,20 m, 18 chaises, 3 bureaux Les aménagements extérieurs : un parking à proximité Capacité d'accueil : 168 personnes assises. Accessibilité aux personnes à mobilité réduite Adresse : 7bis rue des Halles - 79370 Celles-sur-Belle Réservation : 05 49 33 43 85Tarifs 2026

Belle à investir
